{"id":37029,"date":"2021-06-06T12:33:42","date_gmt":"2021-06-06T10:33:42","guid":{"rendered":"https:\/\/blog.brunnenbraeu.eu\/?page_id=37029"},"modified":"2021-06-06T12:35:29","modified_gmt":"2021-06-06T10:35:29","slug":"info-fuer-alle-bierdeckelsammler","status":"publish","type":"page","link":"https:\/\/blog.brunnenbraeu.eu\/?page_id=37029","title":{"rendered":"An alle Bierdeckelsammler"},"content":{"rendered":"\n<p><strong>Liebe Bierdeckelsammler, Bierdeckelsammlerinnen und Liebhaberinnen und Liebhaber von Brauereiwerbemitteln,<\/strong><\/p>\n\n\n\n<p>es ist, glaube ich, an der Zeit, dass ich zu diesem Thema mal ein paar Zeilen schreibe.<\/p>\n\n\n\n<p>Ich freue mich grunds\u00e4tzlich \u00fcber jeden und jede, der oder die an Bierdeckeln, an Brauereiwerbemitteln, an Bier allgemein und an meinem Blog sowie an meinen fr\u00fcheren Erfahrungen als Hobbybrauer Interesse hat. Das finde ich gro\u00dfartig, wirklich! Im Ernst!<\/p>\n\n\n\n<p>Aber diejenigen unter Euch<\/p>\n\n\n\n<ul class=\"wp-block-list\"><li>die meinen, zu irgendwelchen Tages- und Nachtzeiten bei mir an der Haust\u00fcr klingeln zu m\u00fcssen,<\/li><li>die mich mehrfach hintereinander sp\u00e4t abends oder morgens in der Fr\u00fche anrufen, um um Bierdeckel zu betteln,<\/li><li>die mich in unversch\u00e4mtem Ton anschreiben, wenn ich nicht innerhalb von wenigen Stunden auf eine eMail-Anfrage geantwortet habe,<\/li><li>die mich einteilen wollen, bei meinen Brauereibesuchen in ihrem Namen nach Bierdeckeln, Etiketten, Kronkorken oder sonstigen Werbemitteln zu fragen<\/li><li>oder die mich anschreiben, ohne sich vorher \u00fcberhaupt einmal schlau gemacht zu haben, wen sie \u00fcberhaupt anschreiben und dann zum Beispiel nach Kronkorken, Flaschen\u00f6ffnern oder gar Emaille-Schildern vom Brunnenbr\u00e4u fragen (die es nat\u00fcrlich alle nicht gibt),<\/li><\/ul>\n\n\n\n<p>f\u00fcr die gilt:<\/p>\n\n\n\n<p class=\"has-text-align-center has-large-font-size\"><strong>Ihr geht mir auf den Sack!<\/strong><\/p>\n\n\n\n<p>Ja, es gibt Bierdeckel vom Brunnenbr\u00e4u. So sehen die aus:<\/p>\n\n\n\n<div class=\"wp-block-image\"><figure class=\"aligncenter size-large\"><img loading=\"lazy\" decoding=\"async\" width=\"709\" height=\"704\" src=\"https:\/\/blog.brunnenbraeu.eu\/wp-content\/uploads\/2021\/06\/Bierdeckel.jpg\" alt=\"\" class=\"wp-image-37031\" srcset=\"https:\/\/blog.brunnenbraeu.eu\/wp-content\/uploads\/2021\/06\/Bierdeckel.jpg 709w, https:\/\/blog.brunnenbraeu.eu\/wp-content\/uploads\/2021\/06\/Bierdeckel-300x298.jpg 300w, https:\/\/blog.brunnenbraeu.eu\/wp-content\/uploads\/2021\/06\/Bierdeckel-150x150.jpg 150w\" sizes=\"auto, (max-width: 709px) 100vw, 709px\" \/><\/figure><\/div>\n\n\n\n<p>Die sind mir sogar von der <a rel=\"noreferrer noopener\" href=\"http:\/\/www.fvb-bdm.de\/start.htm\" target=\"_blank\">F\u00f6rderergemeinschaft von Brauerei-Werbemittel-Sammlern e.V.<\/a> gedruckt und zur Verf\u00fcgung gestellt worden, wor\u00fcber ich mich au\u00dferordentlich gefreut habe (und noch immer freue). Die <a rel=\"noreferrer noopener\" href=\"http:\/\/www.fvb-bdm.de\/start.htm\" target=\"_blank\">FvB<\/a> hat einen Teil davon behalten und stellt sie f\u00fcr Bierdeckelsammler bestimmt auch gerne auf Anfrage zur Verf\u00fcgung.<\/p>\n\n\n\n<p>Aber wer von Euch meint, nur weil es Bierdeckel vom Brunnenbr\u00e4u gibt, mich nerven zu m\u00fcssen: Lernt erstmal ein anst\u00e4ndiges Benehmen. Wenn Du sonntagvormittags bei mir klingelst oder abends um zehn bei mir anrufst, kriegst Du ganz bestimmt nichts. Und wenn Du in eMails gleich rummaulst, weil ich nicht umgehend reagiere, dann schon gleich gar nicht.<\/p>\n\n\n\n<p>Es tut mir aufrichtig leid f\u00fcr all die vielen Sammlerinnen und Sammler, die h\u00f6flich und zur\u00fcckhaltend auftreten. Ihr habt ein wundersch\u00f6nes Hobby. Und ich habe eigentlich nichts dagegen, Euch dabei in Ma\u00dfen zu unterst\u00fctzen.<\/p>\n\n\n\n<p>Aber vielleicht k\u00f6nnt Ihr ja mal auf die Nervenden unter Euch etwas m\u00e4\u00dfigend einwirken, deren Aufdringlichkeit nimmt n\u00e4mlich langsam \u00fcberhand. Ich merke mittlerweile, dass ich schon gereizt bin, wenn sich jemand nur als Bierdeckelsammler bei mir vorstellt. Da passiert es dann schon mal, dass ich jemanden von Euch anraunze, obwohl er oder sie eigentlich h\u00f6flich war.<\/p>\n\n\n\n<p>Das wollt doch weder Ihr, noch will ich das eigentlich, oder?<\/p>\n","protected":false},"excerpt":{"rendered":"<div class=\"mh-excerpt\"><p>Liebe Bierdeckelsammler, Bierdeckelsammlerinnen und Liebhaberinnen und Liebhaber von Brauereiwerbemitteln, es ist, glaube ich, an der Zeit, dass ich zu diesem Thema mal ein paar Zeilen schreibe. Ich freue mich grunds\u00e4tzlich \u00fcber jeden und jede, der oder die an Bierdeckeln, an Brauereiwerbemitteln, an Bier allgemein und an meinem Blog sowie an <a class=\"mh-excerpt-more\" href=\"https:\/\/blog.brunnenbraeu.eu\/?page_id=37029\" title=\"An alle Bierdeckelsammler\">[&#8230;]<\/a><\/p>\n<\/div>","protected":false},"author":1,"featured_media":37031,"parent":0,"menu_order":0,"comment_status":"closed","ping_status":"closed","template":"","meta":{"footnotes":""},"class_list":["post-37029","page","type-page","status-publish","has-post-thumbnail"],"_links":{"self":[{"href":"https:\/\/blog.brunnenbraeu.eu\/index.php?rest_route=\/wp\/v2\/pages\/37029","targetHints":{"allow":["GET"]}}],"collection":[{"href":"https:\/\/blog.brunnenbraeu.eu\/index.php?rest_route=\/wp\/v2\/pages"}],"about":[{"href":"https:\/\/blog.brunnenbraeu.eu\/index.php?rest_route=\/wp\/v2\/types\/page"}],"author":[{"embeddable":true,"href":"https:\/\/blog.brunnenbraeu.eu\/index.php?rest_route=\/wp\/v2\/users\/1"}],"replies":[{"embeddable":true,"href":"https:\/\/blog.brunnenbraeu.eu\/index.php?rest_route=%2Fwp%2Fv2%2Fcomments&post=37029"}],"version-history":[{"count":3,"href":"https:\/\/blog.brunnenbraeu.eu\/index.php?rest_route=\/wp\/v2\/pages\/37029\/revisions"}],"predecessor-version":[{"id":37034,"href":"https:\/\/blog.brunnenbraeu.eu\/index.php?rest_route=\/wp\/v2\/pages\/37029\/revisions\/37034"}],"wp:featuredmedia":[{"embeddable":true,"href":"https:\/\/blog.brunnenbraeu.eu\/index.php?rest_route=\/wp\/v2\/media\/37031"}],"wp:attachment":[{"href":"https:\/\/blog.brunnenbraeu.eu\/index.php?rest_route=%2Fwp%2Fv2%2Fmedia&parent=37029"}],"curies":[{"name":"wp","href":"https:\/\/api.w.org\/{rel}","templated":true}]}}